{"id":133,"date":"2020-11-03T22:06:48","date_gmt":"2020-11-03T21:06:48","guid":{"rendered":"https:\/\/lestoutpret.cibus.fr\/?post_type=product&#038;p=133"},"modified":"2020-11-03T22:21:00","modified_gmt":"2020-11-03T21:21:00","slug":"miel-toutes-fleurs","status":"publish","type":"product","link":"https:\/\/lestoutpret.cibus.fr\/?product=miel-toutes-fleurs","title":{"rendered":"Miel toutes fleurs 500GR"},"content":{"rendered":"<ul>\n<li>Issu de notre productrice partenaire \u00e0 Aix-noulette.<\/li>\n<li>Un travail s\u00e9rieux et dans le respect de l&#8217;abeille (pas de r\u00e9colte tardive en saison).<\/li>\n<\/ul>\n","protected":false},"excerpt":{"rendered":"<p>Issu de notre productrice partenaire \u00e0 Aix-noulette. Un travail s\u00e9rieux et dans le respect de l&#8217;abeille (pas de r\u00e9colte tardive &hellip; <\/p>\n","protected":false},"featured_media":135,"template":"","meta":[],"class_list":{"0":"post-133","1":"product","2":"type-product","3":"status-publish","4":"has-post-thumbnail","6":"product_cat-les-plus","8":"first","9":"instock","10":"shipping-taxable","11":"purchasable","12":"product-type-simple"},"_links":{"self":[{"href":"https:\/\/lestoutpret.cibus.fr\/index.php?rest_route=\/wp\/v2\/product\/133","targetHints":{"allow":["GET"]}}],"collection":[{"href":"https:\/\/lestoutpret.cibus.fr\/index.php?rest_route=\/wp\/v2\/product"}],"about":[{"href":"https:\/\/lestoutpret.cibus.fr\/index.php?rest_route=\/wp\/v2\/types\/product"}],"wp:featuredmedia":[{"embeddable":true,"href":"https:\/\/lestoutpret.cibus.fr\/index.php?rest_route=\/wp\/v2\/media\/135"}],"wp:attachment":[{"href":"https:\/\/lestoutpret.cibus.fr\/index.php?rest_route=%2Fwp%2Fv2%2Fmedia&parent=133"}],"curies":[{"name":"wp","href":"https:\/\/api.w.org\/{rel}","templated":true}]}}